et l(b) = -2 + 0*b - b + 3*b + b**2. What is the remainder when w is divided by l(3)?
12
Suppose g = -5*c + 12 + 25, 0 = -2*c + 2*g + 22. What is the remainder when 14 is divided by c?
6
Let r = -81 - -108. What is the remainder when r is divided by 5?
2
Calculate the remainder when (-18)/8*(4 + -36) is divided by 15.
12
Let a = 20 + -9. What is the remainder when 34 - 2 - (4 + -3) is divided by a?
9
Let k = 70 - 5. What is the remainder when k is divided by 22?
21
Let l = 11 + -20. Let c = 2 - l. What is the remainder when 21 is divided by c?
10
Suppose -3*l + 2 = -o - 12, 2 = l - o. Suppose -4*y + 2*g = 5*g + 3, -2*y - 1 = g. Let q = l - y. What is the remainder when 22 is divided by q?
4
Suppose 4*j = 7*p - 2*p - 131, -j = 4. Let m be (4 - -3)/(2/22). Calculate the remainder when p is divided by 64/11 - (-14)/m.
5
Let z = -61 - -42. Let j = z + 43. Calculate the remainder when 2 is divided by 2/(-3)*j/(-16).
0
Let d be 18 + (-2)/1 + 4. Suppose 4*h - 28 - d = 0. Calculate the remainder when 33 is divided by h.
9
Suppose -5*g = 3*t + 9 - 21, 0 = -2*g - 5*t + 20. Suppose 0 = 2*j, -k + 80 = 3*k + 3*j. What is the remainder when 59 + g - 0/(-2) is divided by k?
19
Suppose 2*m + 5*a - 54 = 0, -3*m + 4*m - 4*a = 53. What is the remainder when m is divided by 8?
5
Let o(h) = -3*h - 1. Let a(p) = -5*p - 3. Let g(t) = -4*a(t) + 7*o(t). Let s(d) = 2*d + 14. What is the remainder when s(16) is divided by g(-7)?
10
Suppose 3*n + 60 = 3*w - 108, 2*n - 92 = -2*w. Suppose 2*c = -3*c + 65. What is the remainder when w is divided by c?
12
Suppose -2*h = 3*h - 20. What is the remainder when (3/(-12))/((-1)/44) is divided by h?
3
Suppose -c = -5*d + 119 + 271, d - 5*c - 102 = 0. Suppose 5*v = d + 13. Calculate the remainder when 69 is divided by v.
15
Let q(c) = c + 42. Suppose -351 = -5*s - b + 145, 4*s - 3*b - 393 = 0. Calculate the remainder when q(0) is divided by (-2 - 1)/((-27)/s).
9
Suppose -21 = -2*o + 75. Calculate the remainder when o is divided by 7.
6
Suppose -4*q = q - 15. Suppose -q*t + 81 = 21. What is the remainder when 78 is divided by t?
18
Let w = -128 + 237. Let k = -48 + w. Suppose -k = -5*g + 19. Calculate the remainder when g is divided by 6.
4
Let v(k) = k**2 + 5*k - 9. Let y be v(-7). Suppose -y*f + 139 = 2*r, r - 3*r + 52 = 2*f. Suppose f = 3*n + 2. Calculate the remainder when 17 is divided by n.
8
Let l = 1 - -1. Suppose -l*h + 2*g = 3*h + 4, h = -g + 2. What is the remainder when 1/2*h + 36 is divided by 13?
10
Suppose q - 2*q + 40 = 0. Suppose 5*m - 5 - q = 0. What is the remainder when 17 is divided by m?
8
Let l be 4/(-10) + (-24)/15. Let x be 7 - l/(-1) - 2. Suppose -40 = -7*p + x*p. Calculate the remainder when 28 is divided by p.
8
Suppose -20 = s - 2*s. Suppose 6*p = p + s. Suppose -2*z = -3*x - p*z + 110, 0 = -5*z - 10. Calculate the remainder when x is divided by 10.
8
Let c(q) = -q**3 + 10*q**2 - 3*q - 6. Let b(y) = -y. Let j(f) = 5*b(f) + c(f). What is the remainder when 7 is divided by j(9)?
1
Let f(p) = -p**2 + 12*p - 3. Let k = -16 + 29. Calculate the remainder when f(9) is divided by k.
11
Let z be -1*(-3)/6*-2. Let a(x) = 7*x**2 - 5*x - 61. Let s(f) = -f**2 + f. Let m(b) = z*a(b) - 6*s(b). Calculate the remainder when m(0) is divided by 21.
19
Suppose -2*l - 2*l = -84. Suppose 0 = -3*x - 6 + l. Suppose -2*a + x*g + 26 = 0, -4*a - 14 = -5*a + 3*g. Calculate the remainder when a is divided by 5.
3
Let t = 145 - 99. What is the remainder when t is divided by -3*(-2 + (-20)/6)?
14
Let t = 9 + -8. Let i(l) = 5*l**2 + l - 1. Calculate the remainder when 9 is divided by i(t).
4
Let x = 13 - 72. Let p = x + 111. What is the remainder when p is divided by (-2)/(-2) + 16 - -1?
16
What is the remainder when 43 is divided by (-16)/(-2) - (-1 - 0)?
7
Calculate the remainder when 87 is divided by (6 - 138/12)*(1 - 5).
21
Calculate the remainder when 1*(15 - (3 + 1)) is divided by 4.
3
Let o = 1 - -12. Suppose -4 = -2*j - 5*x, -2*j + 6 = -x - 10. What is the remainder when o is divided by j?
6
Let m = 0 - -5. Suppose -1 - 14 = -m*c. Let b(g) = 4*g + 1. What is the remainder when 37 is divided by b(c)?
11
Suppose 0 = 4*d - 4, 4*u - d = -u - 1. Suppose h + h + 5*z - 20 = u, 0 = -4*z - 8. Calculate the remainder when 38 is divided by (6/4)/(h/200).
18
Let k = -1 + 6. Suppose 0 = -s + 2, -k*s = -r - 2 - 0. Let v(w) = -w**3 - 4*w**2 - 3*w + 3. Calculate the remainder when v(-4) is divided by r.
7
Suppose -3*a + 105 = -0*a - 2*i, 0 = -2*i - 6. Calculate the remainder when 63 is divided by a.
30
Let a(n) = 8*n + 3. What is the remainder when a(3) is divided by 5?
2
Suppose 0 = i - 5*l - 26, -3*l + 24 = -2*i + 5*i. Suppose -2*x = -5*x + 63. Calculate the remainder when x is divided by i.
10
Suppose 0 = -5*n + 15*n - 1310. What is the remainder when n is divided by 22?
21
What is the remainder when 216/10 - (-12)/30 is divided by (-1)/(-2*2/24)?
4
Suppose -4*b - 6 = -58. What is the remainder when 37 is divided by b?
11
Let y = -6 + 8. Suppose j = y*j - 31. Let k = 19 + -3. Calculate the remainder when j is divided by k.
15
Let d = -8 - -14. Suppose -x + 565 = 5*i, 0 = 2*i - d*i - 4*x + 436. What is the remainder when i is divided by 29?
27
Let n(t) = -3*t**3 + t**2 + 2*t - 1. Suppose 5*v = 2*v + 9. Suppose -2*i - 3*i + 60 = 2*j, 36 = 3*i - v*j. What is the remainder when n(-2) is divided by i?
11
Suppose 0*r - 31 = -2*r + s, s + 1 = 0. Calculate the remainder when r is divided by 4.
3
Let j(b) = -b**3 + 3*b**2 + 2*b - 3. Let o be j(3). Calculate the remainder when 19 is divided by o*((-48)/(-9) - 2).
9
Suppose -5*h = 2*w - 198 + 53, -h + 41 = -2*w. Let o(m) = 5*m + 32. Calculate the remainder when h is divided by o(-3).
14
Suppose -3*m - 3 = -225. What is the remainder when m is divided by 15?
14
Let g = -20 - -30. What is the remainder when g is divided by 5?
0
Let j = -115 + 122. Calculate the remainder when 61 is divided by j.
5
Let d(o) = 2*o**3 - 2*o**2 - o + 1. Let k be d(2). Suppose 2*l - 5*f = 25, 0*f = 4*l + 5*f + 25. Let u = k + l. Calculate the remainder when 20 is divided by u.
6
Let i be (-10)/6*(3 + -6). Suppose 0 = 2*w - 6*w - 12. Let u = i - w. What is the remainder when 22 is divided by u?
6
Let b = 82 + -70. What is the remainder when b is divided by 8?
4
Suppose -12 = -s - 2*y + 3, 0 = -s + 5*y + 22. Calculate the remainder when 39 is divided by s.
5
Suppose 4*t + 54 = 2*g, -37 = -4*g - 5*t + 71. Let n be (-20)/(-14) - 24/56. Calculate the remainder when g is divided by 42/15*(4 + n).
13
Suppose s - c + 162 = 5*s, -5*c = -2*s + 70. Let r = -27 + s. Suppose -93 = -5*h + 27. What is the remainder when h is divided by r?
11
Let v be 4/14 + (-26)/(-7). Suppose 4*t = t + 4*w + 112, -16 = v*w. Calculate the remainder when t is divided by 11*1 - (0 + 0).
10
Suppose m + 4*q - 35 = 9, -5*m = -5*q - 120. What is the remainder when 54 is divided by m?
26
Suppose -3*c + 3*f + 156 = -0*f, -5 = -f. Calculate the remainder when c is divided by 12.
9
Let v(z) = z - 4. Let m be v(6). Let f(a) = 12*a**2 + 2*a - 2. Let r be f(-2). Suppose m*w + w = r. What is the remainder when 40 is divided by w?
12
Let z(u) = 3*u**2 + u - 2. Calculate the remainder when z(-2) is divided by 4.
0
Let v(r) = r**3 - r**2 - 3*r + 6. What is the remainder when v(3) is divided by 4?
3
Let h = -138 + 209. Calculate the remainder when h is divided by 24.
23
Suppose 60 = 5*j - j. Let s(u) = u**3 - 5*u**2 - 9*u - 7. Let r = 4 + 3. What is the remainder when s(r) is divided by j?
13
Let z be 2 - 2*(-3)/6. Suppose -6 = -4*k + z*k. What is the remainder when 9 is divided by k?
3
Calculate the remainder when 3 + 12 - (-3 + 1)*2 is divided by 11.
8
Let r be (-2)/8 + 51/12. Suppose 0 = -2*l - 6, -3 = -r*u - 5*l + 2. Suppose -u*t + 2*t = -4*c + 28, t = 0. Calculate the remainder when c is divided by 4.
3
Suppose y - 116 = -5*h + 211, 75 = h + 5*y. What is the remainder when h is divided by 33?
32
Let i be 16/6 + (-2)/(-6). Suppose 2*v + 2*g - 50 = 0, 1 + 81 = i*v - 4*g. Calculate the remainder when v is divided by 9.
8
Suppose -3*q = -a - 2*q - 2, 14 = -3*a - 5*q. Let j be -2 - (2 + a)*5. Suppose -5*u + j*u = -30. What is the remainder when 29 is divided by u?
14
Let f(k) = k**3 + 5*k**2 - 2*k + 3. Calculate the remainder when 79 is divided by f(-4).
25
Suppose -6*i